 = -2*j. Let b be (2/s)/(15/30). What is the greatest common divisor of b and 44?
4
Let o(r) = r**3 - 4*r**2 - r - 6. Let j be o(6). What is the greatest common divisor of j and 15?
15
Let h(t) = 3*t**2 + t + 1. Let y be h(-3). What is the highest common divisor of y and 175?
25
Suppose 0 = 17*z - 3*z - 28. Let h = 52 - 30. Calculate the greatest common factor of z and h.
2
Suppose 77 - 5 = 6*u. Calculate the highest common factor of 12 and u.
12
Suppose 2*g = -2*k + 38, 3*k - 2*g + g - 65 = 0. Suppose l + l = 6. Calculate the greatest common factor of k and l.
3
Let s(t) = -t**2 + 10*t + 10. Let v be s(10). What is the highest common factor of 2 and v?
2
Let b be 135/6 + 18/(-12). What is the greatest common divisor of 105 and b?
21
Let g(v) = v**3 - 14*v**2 - 14*v - 9. Let b be g(15). What is the greatest common divisor of 15 and b?
3
Let k = -15 - -6. Let b be ((-760)/(-12))/((-6)/k). Calculate the highest common factor of b and 19.
19
Let x(v) = v + 6. Let k be x(0). What is the highest common factor of k and 2?
2
Let o = -49 - -61. Calculate the greatest common divisor of o and 84.
12
Suppose -90 = -0*f + 5*f. Let w be ((-3)/2)/((-2)/4). Let t be f/(-5)*10/w. What is the highest common factor of 96 and t?
12
Let d be 190/25 - (-6)/(-10). Let z(k) = -k**3 + 6*k**2 + 9*k + 8. Let s be z(d). Calculate the highest common divisor of s and 2.
2
Suppose 0 = -4*g + 2*g + 2. What is the greatest common divisor of g and 11?
1
Suppose 4*l = 5*z + 121, -3*z - z = l - 4. Suppose 4*x - 4*n - 8 = 0, 0 = -3*n - 19 + 7. Let f = x - -14. Calculate the highest common factor of f and l.
12
Suppose -2 = -5*v + 63. Calculate the highest common factor of 26 and v.
13
Suppose -3*s + 54 = -3*a, -4*s + 3*a = -3*s - 18. Let b be 89 + (-2*1)/(-2). Calculate the greatest common divisor of s and b.
18
Let i = -13 + 36. Suppose -h - 6*y + i = -y, -19 = -h - 4*y. Suppose 4*c - h*l + l = 78, -3*c - 4*l = -42. What is the greatest common divisor of 9 and c?
9
Let m be 2/6*9 - 0. Suppose 0*x = -m*s - x + 525, 707 = 4*s - x. Calculate the greatest common divisor of s and 16.
16
Let k(c) = c**3 + 3*c**2 - 2*c - 1. Let l be k(-2). Suppose 2*i + 2*p + l = 1, -21 = 2*i + 5*p. What is the highest common divisor of i and 4?
2
Let g = 117 + -47. What is the highest common factor of 35 and g?
35
Suppose -3*u = -u. Let n = u + 16. What is the highest common factor of n and 48?
16
Suppose 23*o = 25*o - 16. What is the highest common factor of 8 and o?
8
Suppose 2*r - 10 = 0, y - 4*r - 26 - 572 = 0. Suppose -5*m - 128 = -y. What is the highest common factor of 14 and m?
14
Let p(h) = -h - 4 - h + 0*h + 0. Let l be p(-13). Let o = -367 - -543. Calculate the highest common factor of o and l.
22
Let q be (-1 - -251)*(1 - 0). Suppose -2*j - q = -7*j. Calculate the greatest common divisor of 20 and j.
10
Suppose -4*x - a - 12 = 3*a, 4*x = 4*a + 4. Let m be (-1)/1 - -6 - 2. Let y = m + x. Calculate the highest common divisor of 4 and y.
2
Let k(o) = o**2 - 8*o - 8. Let w be k(7). Let g = 25 + w. Suppose -g = -4*q + 3*q. Calculate the highest common factor of 80 and q.
10
Suppose -v - 2*v = 2*r, 0 = -4*v - 8. Let n be 2 - (1/(-1) - -5). Let x = 0 - n. What is the greatest common factor of x and r?
1
Let a = 18 + 70. Calculate the greatest common divisor of a and 11.
11
Let z = 6 - 4. Suppose z*g + 3*d = -d + 2, -g + 2 = d. Suppose -5*r + 16 = 2*u - 29, 22 = r + g*u. What is the highest common factor of r and 7?
7
Let g(j) be the second derivative of -j**5/20 - j**4/2 - j**3/6 - j**2/2 - 3*j. Let s be g(-6). Calculate the highest common factor of 15 and s.
5
Let w(f) = -f**2 - 8*f + 11. Let l be w(-9). Calculate the highest common divisor of 8 and l.
2
Suppose -3*d = -20*d + 6545. What is the greatest common divisor of d and 35?
35
Suppose -j = -3*j + 46. Let z = j + -14. What is the greatest common divisor of z and 6?
3
Let y(f) = f + 6. Let a be y(-6). Suppose a = -3*w - 36 + 168. Let p be 4/2*w/8. Calculate the greatest common factor of p and 55.
11
Suppose 4*s + 56 = 5*m, -3 = -5*s + 2. Suppose -f = -114 - 6. What is the highest common factor of m and f?
12
Let d(j) = -j**2 + 5*j - 2. Let z be d(3). Suppose 263 = z*b - 3*n, n - 2*n = -4*b + 269. What is the greatest common factor of 17 and b?
17
Suppose -s - 6 = -16. Suppose -8 = 4*l, 2*l = 5*r - 3*l - 20. What is the greatest common divisor of r and s?
2
Suppose -5*y + 504 = -y. What is the greatest common factor of 18 and y?
18
Let f(h) = 5*h**2 + 2*h + 1. Let d be f(-1). Suppose 0 = c - 3*c - 2*t + 164, -3*c = -d*t - 267. What is the greatest common factor of c and 34?
17
Let h be (-8)/(5/((-15)/6)). Suppose -3*k = -3*v - 18, -2*v - 6 = -4*k - 7*v. Let q be 3*3/18*k. What is the greatest common divisor of q and h?
2
Let k(n) = 10*n + 3. Let t(s) = 5*s + 1. Let h(b) = -3*k(b) + 7*t(b). Let q = 12 + -9. Let d be h(q). Calculate the highest common factor of d and 65.
13
Let m(q) = q + 24. Let o be m(0). Let p be 7/2 - (-3)/6. Suppose 3*y + 10 - 48 = w, -p*y + 56 = -4*w. Calculate the highest common factor of o and y.
12
Let w be (-57)/(-12) + (-2)/(-8). Let q(j) = j**3 - 5*j**2 + 2*j - 5. Let u be q(w). Let o = 31 + u. Calculate the greatest common factor of o and 4.
4
Let b(q) = q**2 - 1. Suppose -12 = u - 4. Let y = u + 6. Let f be b(y). What is the highest common divisor of f and 15?
3
Let r be (0 + -25)/(-1) + (1 - 4). What is the greatest common divisor of 11 and r?
11
Let r be (54*(-3)/2)/(-1). Calculate the greatest common factor of 9 and r.
9
Let s(o) = -o**2 + o. Let a be s(-2). Let w be (-27)/a*2*1. What is the highest common factor of w and 18?
9
Let c(r) = 1 + 8 - 2*r - 1 + r. Let g be c(0). What is the highest common factor of g and 40?
8
Suppose -2*x = 2*x. Suppose x = -2*f - 2 - 0. Let u be (-1048)/(-16) - f/(-2). Calculate the greatest common divisor of u and 13.
13
Suppose 19*n - 3985 + 470 = 0. What is the highest common divisor of n and 74?
37
Suppose 0 - 6 = -3*y. Suppose 2 = q - y*k, -5*k + 2 - 4 = -q. Let b be (q/(-8))/(2/(-8)). Calculate the highest common factor of 7 and b.
1
Suppose -2*z = -0*z - 40. Let h = z + 8. Let g(u) = u**2 + u - 6. Let s be g(-5). What is the highest common divisor of s and h?
14
Let v be (-3 + -2)*(-36)/15. Let d be v/8*(-2)/(-1). Calculate the highest common factor of d and 24.
3
Let a be 18/(((-27)/(-24))/(-3)). Let i be (6/(-8))/(2/a). Let t = -72 + 144. What is the greatest common divisor of t and i?
18
Suppose 1 = 3*a - 14. Suppose -a*j - 396 - 119 = 0. Let b = j - -148. Calculate the highest common divisor of b and 18.
9
Suppose 0 = -2*s + s + 150. Let f = 4 + 0. Suppose -h + s = f*h. Calculate the greatest common divisor of 6 and h.
6
Suppose -2*v - 2*y = -12, 2*v + 0*y - 12 = -4*y. Calculate the greatest common divisor of v and 6.
6
Let p be -3 + 20/8 - 51/(-2). Calculate the greatest common factor of p and 25.
25
Let n be ((-4)/(-3))/((-107)/36 - -3). What is the greatest common divisor of n and 60?
12
Let u(d) = 2*d**2 + 9*d + 30. Let k be u(-7). What is the greatest common divisor of k and 39?
13
Suppose -5*n = -24 + 9. Suppose -15 = -5*j, -n*t + 2*j + 63 = -3*j. Calculate the highest common factor of 13 and t.
13
Let x(s) = -s - 3. Let i(k) = 2. Let f(j) = 3*i(j) + 2*x(j). Let c(h) = -h + 1. Let b be c(2). Let v be f(b). What is the highest common factor of v and 1?
1
Let d(a) = 2*a**2 + 5*a - 4. Suppose 9*y - 3*y + 24 = 0. Let b be d(y). What is the greatest common factor of 24 and b?
8
Suppose 144 + 36 = 5*k. Let b = 72 - k. Let n be 4545/b + 1/(-4). Calculate the greatest common factor of 14 and n.
14
Let s(u) = 5*u**2 - 7*u + 9. Let n be s(6). Calculate the highest common factor of 21 and n.
21
Suppose -2*d + 3*w = -2, -2*d - 2*d = -2*w - 12. Suppose 2*j - 2*t + 10 = d*j, -j - 4*t = 1. Let l = 27 - j. Calculate the highest common factor of 100 and l.
20
Let s be (-1096)/(-26) + (-32)/208. What is the highest common divisor of 168 and s?
42
Suppose -2*s - 49 = s + 4*d, -77 = 5*s + 2*d. Let j be s/(-27)*3*21. What is the highest common factor of 14 and j?
7
Let f = 16 + -10. Let o be ((-16)/f)/(1/(-6)). Calculate the greatest common factor of 112 and o.
16
Suppose 3*n - i = 104, 7*n + 4*i = 6*n + 13. Suppose -15 = -v - 2*v. Let w = -2 + v. Calculate the highest common d